{"id":9,"date":"2016-11-14T19:54:53","date_gmt":"2016-11-14T19:54:53","guid":{"rendered":"https:\/\/jesusalba2016.webs.upv.es\/?page_id=9"},"modified":"2020-11-11T16:59:02","modified_gmt":"2020-11-11T16:59:02","slug":"candidato","status":"publish","type":"page","link":"https:\/\/jesusalba2016.webs.upv.es\/?page_id=9","title":{"rendered":"PRESENTAR-ME A DIRECTOR UNA ALTRA VEGADA&#8230;"},"content":{"rendered":"<p style=\"text-align: justify;\"><img loading=\"lazy\" decoding=\"async\" class=\"wp-image-234  alignleft\" src=\"https:\/\/jesusalba2016.webs.upv.es\/wp-content\/uploads\/2020\/11\/Jesus-Alba-anuari-300x200.jpg\" alt=\"\" width=\"375\" height=\"250\" srcset=\"https:\/\/jesusalba2016.webs.upv.es\/wp-content\/uploads\/2020\/11\/Jesus-Alba-anuari-300x200.jpg 300w, https:\/\/jesusalba2016.webs.upv.es\/wp-content\/uploads\/2020\/11\/Jesus-Alba-anuari-1024x683.jpg 1024w, https:\/\/jesusalba2016.webs.upv.es\/wp-content\/uploads\/2020\/11\/Jesus-Alba-anuari-768x512.jpg 768w, https:\/\/jesusalba2016.webs.upv.es\/wp-content\/uploads\/2020\/11\/Jesus-Alba-anuari-1536x1024.jpg 1536w, https:\/\/jesusalba2016.webs.upv.es\/wp-content\/uploads\/2020\/11\/Jesus-Alba-anuari-2048x1365.jpg 2048w\" sizes=\"auto, (max-width: 375px) 100vw, 375px\" \/><\/p>\n<p>Fa quatre anys impulsava amb molta il\u00b7lusi\u00f3 una candidatura a la direcci\u00f3 de l&#8217;Escola Polit\u00e8cnica Superior de Gandia, que es va convertir en realitat gr\u00e0cies al suport majoritari d&#8217;una Comunitat Universit\u00e0ria a la qual vull, la Comunitat Universit\u00e0ria del Campus de Gandia. Una gran responsabilitat assumida amb un gran equip que, durant quatre anys de treball, ha estat defensant \u201cel Campus que volem\u201d. Vam proposar una reestructuraci\u00f3 de la direcci\u00f3 i un programa: uns objectius de futur que ajudaren a fer millor el nostre Campus de Gandia.<\/p>\n<p>Ara, al final de la legislatura 2016-2020, hem presentat l\u2019informe de gesti\u00f3, perqu\u00e8 pensem que \u00e9s moment de donar comptes. Fer un balan\u00e7 de les propostes de 2016 i el seu grau de consecuci\u00f3. \u00c9s important fer aquest exercici de transpar\u00e8ncia, d&#8217;honestedat i de responsabilitat, que ajude a entendre tamb\u00e9 la nostra situaci\u00f3 actual, i ens done indicacions de les estrat\u00e8gies necess\u00e0ries perqu\u00e8 el Campus continue sumant.<\/p>\n<p>Una vegada feta eixa reflexi\u00f3, m\u2019adone que queda prou per fer. Hem millorat per\u00f2 encara existeixen difer\u00e8ncies entre estar adscrit al Campus de Vera o estar adscrit al Campus de Gandia. Queden propostes per acabar, tant de programa com hist\u00f2riques. Serveis sense cobrir, instal\u00b7lacions per fer, ofertes acad\u00e8miques per lluitar, i moltes coses m\u00e9s. No \u00e9s responsable baixar en esta estaci\u00f3, perqu\u00e8 soc un servidor p\u00fablic i ara cal estar en el lloc en el que fas falta. Com cantava Serrat, \u201cencara tinc forces\u201d. Quatre anys m\u2019han donat encara m\u00e9s experi\u00e8ncia, m\u00e9s coneixements i m\u00e9s il\u00b7lusi\u00f3, i pense ficar-la a disposici\u00f3 del Campus de Gandia, malgrat que segurament ens tocar\u00e0 batallar amb molins de vent.<\/p>\n<p><span style=\"color: #993366;\"><strong>Demane dues coses, la primera molt senzilla, que recolzeu el nostre projecte de futur. La segona, SEGUIR SUMANT. Si totes i tots sumem, el Campus de Gandia tindr\u00e0 un futur millor.<\/strong><\/span><\/p>\n<p><span style=\"color: #993366;\"><strong>Gr\u00e0cies per estos quatre anys, i espere SEGUIR SUMANT, amb vosaltres quatre anys m\u00e9s.<\/strong><\/span><\/p>\n<h3 style=\"text-align: center;\"><a href=\"https:\/\/jesusalba2016.webs.upv.es\/?page_id=24\">Coneix al candidat&#8230; La meua traject\u00f2ria<\/a><\/h3>\n","protected":false},"excerpt":{"rendered":"<p>Fa quatre anys impulsava amb molta il\u00b7lusi\u00f3 una candidatura a la direcci\u00f3 de l&#8217;Escola Polit\u00e8cnica Superior de Gandia, que es va convertir en realitat gr\u00e0cies al suport majoritari d&#8217;una Comunitat Universit\u00e0ria a la qual vull, la Comunitat Universit\u00e0ria del Campus de Gandia. Una gran responsabilitat assumida amb un gran equip que, durant quatre anys de &hellip; <\/p>\n<p class=\"link-more\"><a href=\"https:\/\/jesusalba2016.webs.upv.es\/?page_id=9\" class=\"more-link\">Seguir leyendo<span class=\"screen-reader-text\"> \u00abPRESENTAR-ME A DIRECTOR UNA ALTRA VEGADA&#8230;\u00bb<\/span><\/a><\/p>\n","protected":false},"author":1,"featured_media":0,"parent":0,"menu_order":0,"comment_status":"closed","ping_status":"closed","template":"","meta":{"footnotes":""},"class_list":["post-9","page","type-page","status-publish","hentry","entry"],"_links":{"self":[{"href":"https:\/\/jesusalba2016.webs.upv.es\/index.php?rest_route=\/wp\/v2\/pages\/9","targetHints":{"allow":["GET"]}}],"collection":[{"href":"https:\/\/jesusalba2016.webs.upv.es\/index.php?rest_route=\/wp\/v2\/pages"}],"about":[{"href":"https:\/\/jesusalba2016.webs.upv.es\/index.php?rest_route=\/wp\/v2\/types\/page"}],"author":[{"embeddable":true,"href":"https:\/\/jesusalba2016.webs.upv.es\/index.php?rest_route=\/wp\/v2\/users\/1"}],"replies":[{"embeddable":true,"href":"https:\/\/jesusalba2016.webs.upv.es\/index.php?rest_route=%2Fwp%2Fv2%2Fcomments&post=9"}],"version-history":[{"count":23,"href":"https:\/\/jesusalba2016.webs.upv.es\/index.php?rest_route=\/wp\/v2\/pages\/9\/revisions"}],"predecessor-version":[{"id":237,"href":"https:\/\/jesusalba2016.webs.upv.es\/index.php?rest_route=\/wp\/v2\/pages\/9\/revisions\/237"}],"wp:attachment":[{"href":"https:\/\/jesusalba2016.webs.upv.es\/index.php?rest_route=%2Fwp%2Fv2%2Fmedia&parent=9"}],"curies":[{"name":"wp","href":"https:\/\/api.w.org\/{rel}","templated":true}]}}